ite number?
False
Is 7368285317 a prime number?
True
Is 4041896393 a composite number?
False
Is 630925157 prime?
True
Is 30401934923 composite?
True
Is 323151343 composite?
True
Is 25621877483 a prime number?
True
Is 2408984231 composite?
False
Is 107354957 a composite number?
False
Is 98016409591 a prime number?
True
Is 73204265977 prime?
True
Is 7706744767 a composite number?
True
Is 12912518173 a prime number?
True
Is 1358713061 prime?
True
Is 1012630217 a prime number?
True
Is 20267122649 a prime number?
True
Is 1332878707 a prime number?
True
Is 177240310409 composite?
False
Is 1607822453 composite?
True
Is 3652762909 prime?
False
Is 14241001003 composite?
True
Is 26664207551 composite?
False
Is 34734607079 prime?
False
Is 1589855689 a composite number?
True
Is 310154965 prime?
False
Is 393059379 a composite number?
True
Is 20297695999 a prime number?
False
Is 6047198 a composite number?
True
Is 15234789139 a prime number?
False
Is 2969956733 a composite number?
True
Is 1475439353 composite?
True
Is 903494807 a composite number?
True
Is 7439510257 prime?
True
Is 1076410393 a composite number?
True
Is 26313260627 a prime number?
True
Is 1213633667 a composite number?
False
Is 114888897181 a composite number?
False
Is 99912379511 composite?
True
Is 5886239551 composite?
True
Is 1841608291 prime?
True
Is 379907113 a composite number?
False
Is 585766023 prime?
False
Is 535224511 composite?
False
Is 6349632227 a composite number?
False
Is 1231356097 composite?
False
Is 1949947829 composite?
True
Is 264196213 composite?
False
Is 6309904507 prime?
True
Is 39185462537 a composite number?
True
Is 781843589 prime?
True
Is 12633018421 a prime number?
False
Is 1499578805 a prime number?
False
Is 391128487 prime?
True
Is 630574201 a prime number?
False
Is 7305377041 composite?
False
Is 51056214961 prime?
False
Is 235548510553 a prime number?
True
Is 52621584473 prime?
True
Is 807753217 composite?
True
Is 12483739069 prime?
False
Is 732979969 a composite number?
False
Is 26930081677 a composite number?
False
Is 15806048677 prime?
True
Is 27362368073 a composite number?
True
Is 1409709149 a prime number?
False
Is 594426289 prime?
True
Is 32745695137 composite?
True
Is 55667318893 a composite number?
True
Is 43367287 a prime number?
False
Is 193679779 prime?
True
Is 806315771 a prime number?
False
Is 2393641 a composite number?
True
Is 52554628363 a prime number?
True
Is 8739793367 composite?
False
Is 558348013 prime?
True
Is 16342719233 composite?
True
Is 17469916603 a composite number?
False
Is 30566346367 a prime number?
True
Is 106063259 composite?
False
Is 169531589 a composite number?
False
Is 2712580117 prime?
False
Is 4979735611 a prime number?
True
Is 170585357 a prime number?
True
Is 108053897291 prime?
True
Is 4935993199 a prime number?
False
Is 5531556167 composite?
False
Is 299389247 prime?
True
Is 27275637 a composite number?
True
Is 89613661 composite?
False
Is 2782511891 a composite number?
False
Is 9665709817 a prime number?
True
Is 390234877 a prime number?
False
Is 18989248363 a prime number?
False
Is 523836503 a composite number?
False
Is 2207165417 a prime number?
True
Is 50168551 a composite number?
False
Is 151358953 prime?
True
Is 5341768351 a prime number?
False
Is 4862135021 a prime number?
True
Is 262578341 a prime number?
True
Is 2642200931 prime?
True
Is 54755343501 a composite number?
True
Is 8583389321 composite?
True
Is 44927757019 a prime number?
True
Is 11952245047 a prime number?
True
Is 39166278187 a composite number?
True
Is 1155631751 a composite number?
True
Is 89759521459 prime?
True
Is 26605711047 a composite number?
True
Is 4642476659 composite?
True
Is 50577827371 a prime number?
False
Is 9464448011 prime?
True
Is 4683688703 composite?
True
Is 703724507 composite?
False
Is 2913666653 a prime number?
True
Is 399340751 a prime number?
True
Is 70511981 a composite number?
False
Is 13787040773 composite?
True
Is 14906795899 prime?
False
Is 20289784769 a prime number?
True
Is 43911002017 prime?
True
Is 7889626157 a prime number?
False
Is 1070888503 a composite number?
False
Is 200973737 a composite number?
False
Is 334041107 composite?
True
Is 614119411 a composite number?
True
Is 305982323 a composite number?
True
Is 2690812043 composite?
False
Is 14991640411 composite?
True
Is 3021284471 prime?
True
Is 4906155229 a composite number?
True
Is 21121586411 composite?
True
Is 2282163743 a prime number?
True
Is 36856695749 a prime number?
True
Is 11782133719 a prime number?
False
Is 59482941457 a composite number?
True
Is 1708276799 a prime number?
True
Is 6407023577 a prime number?
False
Is 8857878637 a composite number?
False
Is 59082700543 a composite number?
False
Is 831800545 prime?
False
Is 10529657 composite?
False
Is 67369773503 prime?
False
Is 9228308363 composite?
True
Is 336042059 composite?
False
Is 18602912157 composite?
True
Is 46455103 a prime number?
False
Is 27955049 a composite number?
True
Is 662394323 a prime number?
False
Is 6706763243 a prime number?
True
Is 10462788283 a prime number?
False
Is 14129983027 composite?
True
Is 924468197 a composite number?
True
Is 8253801649 a composite number?
False
Is 6635378293 a composite number?
False
Is 58577893571 a composite number?
True
Is 2604377891 a prime number?
True
Is 8346568873 a prime number?
False
Is 18747764741 a composite number?
False
Is 1201653703 a prime number?
False
Is 23315473001 prime?
True
Is 136309409 prime?
False
Is 68927207 prime?
False
Is 15788072369 prime?
True
Is 522701587 prime?
False
Is 1554296537 composite?
True
Is 13643164069 composite?
False
Is 2835259877 composite?
True
Is 434903827 prime?
True
Is 1331624057 composite?
False
Is 627033241 a prime number?
False
Is 963124531 prime?
False
Is 9386741839 a prime number?
False
Is 317464373 prime?
True
Is 10647339407 a composite number?
True
Is 40040971 composite?
True
Is 24602414003 prime?
False
Is 181783619 a prime number?
True
Is 390693577 composite?
False
Is 1355756939 prime?
True
Is 2865309209 composite?
True
Is 11425638737 composite?
True
Is 2954015873 a composite number?
False
Is 1225060471 a prime number?
False
Is 30533612041 prime?
True
Is 91816869259 composite?
True
Is 2324507413 a prime number?
True
Is 10271929643 a composite number?
False
Is 6341339707 prime?
False
Is 21446447761 a prime number?
True
Is 16303913947 composite?
False
Is 159545887 composite?
True
Is 16905907 composite?
False
Is 491326543 prime?
True
Is 13033427837 composite?
True
Is 6847542797 a composite number?
True
Is 210466634603 a composite number?
False
Is 127753140703 prime?
True
Is 845960293 a composite number?
False
Is 1175828003 a prime number?
False
Is 15014027437 a composite number?
True
Is 4713934909 prime?
False
Is 268858997 a composite number?
True
Is 6671746453 a composite number?
False
Is 259741819 a prime number?
True
Is 397928567 prime?
False
Is 70937663777 a composite number?
False
Is 21622723877 a prime number?
True
Is 2071208899 composite?
False
Is 11601613121 a prime number?
False
Is 9938083279 composite?
False
Is 77829395915 a prime number?
False
Is 196797542021 a composite number?
False
Is 37303036739 a prime number?
True
Is 522708491 a composite number?
False
Is 10770924407 composite?
True
Is 1258822951 composite?
False
Is 409437151 composite?
False
Is 23875346717 a composite number?
True
Is 644821949 a prime number?
True
Is 119247546335 composite?
True
Is 306212306 composite?
True
Is 5840763787 composite?
False
Is 45868434949 a composite number?
True
Is 3910825495 a prime number?
False
Is 966815459 a composite number?
False
Is 690957385 a prime number?
False
Is 1762328327 a prime number?
False
Is 518883607 a composite number?
True
Is 5805567713 a prime number?
False
Is 494231713 prime?
True
Is 2218920709 a composite number?
False
Is 653393431 a prime number?
False
Is 16717808659 a composite number?
False
Is 3514211621 composite?
True
Is 994214314 composite?
True
Is 5911380053 a composite number?
True
Is 102359956469 a composite number?
False
Is 1649461313 a prime number?
False
Is 4770072763 a composite number?
False
Is 2167667317 composite?
False
Is 16618365235 a composite number?
True
Is 2974624057 a prime number?
False
Is 451643389 a composite number?
True
Is 473790377 a compos